{"id":1629,"date":"2026-02-18T02:07:25","date_gmt":"2026-02-18T02:07:25","guid":{"rendered":"https:\/\/workgroups.cl\/?page_id=1629"},"modified":"2026-02-19T18:06:05","modified_gmt":"2026-02-19T18:06:05","slug":"servicio-de-auditoria","status":"publish","type":"page","link":"https:\/\/workgroups.cl\/index.php\/servicio-de-auditoria\/","title":{"rendered":"SERVICIO DE AUDITOR\u00cdA"},"content":{"rendered":"\n<div class=\"wp-block-media-text is-stacked-on-mobile\"><figure class=\"wp-block-media-text__media\"><img loading=\"lazy\" decoding=\"async\" width=\"1024\" height=\"683\" src=\"https:\/\/workgroups.cl\/wp-content\/uploads\/2026\/02\/auditoria-1024x683.jpg\" alt=\"\" class=\"wp-image-1404 size-full\" srcset=\"https:\/\/workgroups.cl\/wp-content\/uploads\/2026\/02\/auditoria-1024x683.jpg 1024w, https:\/\/workgroups.cl\/wp-content\/uploads\/2026\/02\/auditoria-300x200.jpg 300w, https:\/\/workgroups.cl\/wp-content\/uploads\/2026\/02\/auditoria-768x512.jpg 768w, https:\/\/workgroups.cl\/wp-content\/uploads\/2026\/02\/auditoria-1536x1024.jpg 1536w, https:\/\/workgroups.cl\/wp-content\/uploads\/2026\/02\/auditoria-2048x1365.jpg 2048w\" sizes=\"auto, (max-width: 1024px) 100vw, 1024px\" \/><\/figure><div class=\"wp-block-media-text__content\">\n<p class=\"has-medium-font-size\"><strong><mark style=\"background-color:rgba(0, 0, 0, 0)\" class=\"has-inline-color has-palette-color-4-color\">Auditor\u00eda para una gesti\u00f3n transparente y eficiente<\/mark><\/strong><\/p>\n\n\n\n<p class=\"has-medium-font-size\"><mark style=\"background-color:rgba(0, 0, 0, 0)\" class=\"has-inline-color has-palette-color-4-color\">Analizamos en profundidad y con una mirada estrat\u00e9gica, los aspectos operativos, financieros, legales y de operaciones de cada cliente, detectando problemas y proponiendo soluciones concretas para mejorar la gesti\u00f3n, reducir riesgos y optimizar recursos.<\/mark><\/p>\n<\/div><\/div>\n\n\n\n<p class=\"has-medium-font-size\"><strong>Plan de trabajo<\/strong> (algunas de las actividades entre muchas a realizar)<\/p>\n\n\n\n<figure class=\"wp-block-table alignwide\" style=\"font-size:clamp(14px, 0.875rem + ((1vw - 3.2px) * 0.156), 16px);\"><table class=\"has-fixed-layout\" style=\"border-style:none;border-width:0px\"><tbody><tr><td><strong>Financiera \/ Contable<\/strong><br>Determinar saldo inicial<br>Revisar estado de pago de proveedores y servicios b\u00e1sicos<br>Detectar y realizar acciones para bajar la morosidad<\/td><td><strong>Legal<\/strong><br>Cumplimiento Ley 21.442 de Copropiedad Inmobiliaria, validez de asambleas, y reglamento de copropiedad<br><br><\/td><\/tr><tr><td><strong>RR.HH.<\/strong><br>Revisar anexos y contratos de trabajo del personal<br>Revisar estado legal de la Conformaci\u00f3n del Comit\u00e9<br>Verificar mora presunta en caso de que existiese<br>Verificar SII, pagos de Declaraciones Juradas 1887 \u2013 1879<br>Pago F29 (Honorarios)<\/td><td><strong>Operaciones<\/strong><br>Confecci\u00f3n Programa Anual Mantenimiento<br>Revisi\u00f3n Reparaciones Inmediatas y Urgentes<br>Negociaci\u00f3n Pago a Proveedores<br>Obtenci\u00f3n Sello Verde Edificio<br>Seguridad (alarmas, extintores, se\u00f1alizaci\u00f3n, c\u00e1maras)<\/td><\/tr><\/tbody><\/table><\/figure>\n\n\n\n<p class=\"has-medium-font-size\"><strong>Beneficios<\/strong><\/p>\n\n\n\n<p class=\"has-medium-font-size\" style=\"margin-top:var(--wp--preset--spacing--20);margin-bottom:var(--wp--preset--spacing--20)\"><strong>Confiabilidad<\/strong> : Validaci\u00f3n de Informaci\u00f3n Contable, Financiera y de RR.HH.<\/p>\n\n\n\n<p class=\"has-medium-font-size\" style=\"margin-top:var(--wp--preset--spacing--20);margin-bottom:var(--wp--preset--spacing--20)\"><strong>Mejor\u00eda en Gesti\u00f3n<\/strong> : Identificaci\u00f3n y correcci\u00f3n de problemas en procesos y procedimientos de control<\/p>\n\n\n\n<p class=\"has-medium-font-size\" style=\"margin-top:var(--wp--preset--spacing--20);margin-bottom:var(--wp--preset--spacing--20)\"><strong>Optimizaci\u00f3n de Recursos<\/strong> : Mejora en la gesti\u00f3n presupuestaria, operativa y de RR.HH.<\/p>\n\n\n\n<p><\/p>\n\n\n\n<p class=\"has-medium-font-size\"><strong><strong>Lograr que la administraci\u00f3n de tu condominio o edificio otorgue un buen servicio y que la informaci\u00f3n sea clara, oportuna y confiable<\/strong>.<\/strong><\/p>\n","protected":false},"excerpt":{"rendered":"<p>Auditor\u00eda para una gesti\u00f3n transparente y eficiente Analizamos en profundidad y con una mirada estrat\u00e9gica, los aspectos operativos, financieros, legales y de operaciones de cada cliente, detectando problemas y proponiendo soluciones concretas para mejorar la gesti\u00f3n, reducir riesgos y optimizar recursos. Plan de trabajo (algunas de las actividades entre muchas a realizar) Financiera \/ ContableDeterminar [&hellip;]<\/p>\n","protected":false},"author":2,"featured_media":0,"parent":0,"menu_order":3,"comment_status":"closed","ping_status":"closed","template":"","meta":{"footnotes":""},"class_list":["post-1629","page","type-page","status-publish","hentry"],"blocksy_meta":[],"_links":{"self":[{"href":"https:\/\/workgroups.cl\/index.php\/wp-json\/wp\/v2\/pages\/1629","targetHints":{"allow":["GET"]}}],"collection":[{"href":"https:\/\/workgroups.cl\/index.php\/wp-json\/wp\/v2\/pages"}],"about":[{"href":"https:\/\/workgroups.cl\/index.php\/wp-json\/wp\/v2\/types\/page"}],"author":[{"embeddable":true,"href":"https:\/\/workgroups.cl\/index.php\/wp-json\/wp\/v2\/users\/2"}],"replies":[{"embeddable":true,"href":"https:\/\/workgroups.cl\/index.php\/wp-json\/wp\/v2\/comments?post=1629"}],"version-history":[{"count":18,"href":"https:\/\/workgroups.cl\/index.php\/wp-json\/wp\/v2\/pages\/1629\/revisions"}],"predecessor-version":[{"id":1726,"href":"https:\/\/workgroups.cl\/index.php\/wp-json\/wp\/v2\/pages\/1629\/revisions\/1726"}],"wp:attachment":[{"href":"https:\/\/workgroups.cl\/index.php\/wp-json\/wp\/v2\/media?parent=1629"}],"curies":[{"name":"wp","href":"https:\/\/api.w.org\/{rel}","templated":true}]}}