{"id":1215,"date":"2026-02-14T15:02:49","date_gmt":"2026-02-14T15:02:49","guid":{"rendered":"https:\/\/workgroups.cl\/?page_id=1215"},"modified":"2026-03-26T00:30:42","modified_gmt":"2026-03-26T00:30:42","slug":"inicio","status":"publish","type":"page","link":"https:\/\/workgroups.cl\/","title":{"rendered":"INICIO"},"content":{"rendered":"\n<figure class=\"wp-block-image\" style=\"margin-top:0;margin-right:0;margin-bottom:0;margin-left:0\"><img decoding=\"async\" src=\"https:\/\/workgroups.cl\/wp-content\/uploads\/2026\/02\/2-1-1024x683.png\" alt=\"\" style=\"aspect-ratio:16\/9;object-fit:cover\"\/><\/figure>\n\n\n\n<p class=\"has-medium-font-size\" style=\"margin-top:var(--wp--preset--spacing--40);margin-bottom:var(--wp--preset--spacing--40)\"><strong>\u00bfTu condominio recibe una gesti\u00f3n eficiente y transparente?<\/strong><\/p>\n\n\n\n<p class=\"has-medium-font-size\" style=\"margin-top:var(--wp--preset--spacing--40);margin-bottom:var(--wp--preset--spacing--40)\">Si la administraci\u00f3n de tu condominio no est\u00e1 entregando un servicio eficiente, o la informaci\u00f3n que recibes como miembro del Comit\u00e9 de Administraci\u00f3n no es clara, oportuna y confiable, es momento de tomar acci\u00f3n.<\/p>\n\n\n\n<p class=\"has-medium-font-size\" style=\"margin-top:var(--wp--preset--spacing--40);margin-bottom:var(--wp--preset--spacing--40)\">Un <strong>Servicio de Auditor\u00eda en gesti\u00f3n Operativa, Financiera, Tributaria y de Recursos Humanos<\/strong> permite evaluar de manera objetiva el funcionamiento de tu comunidad y detectar oportunidades de mejora.<\/p>\n\n\n\n<p class=\"has-medium-font-size\" style=\"margin-top:var(--wp--preset--spacing--40);margin-bottom:var(--wp--preset--spacing--40)\">Contar con una revisi\u00f3n profesional no solo ayuda a identificar inconsistencias, sino que tambi\u00e9n permite optimizar procesos, prevenir multas e intereses, resguardar el patrimonio de la comunidad y fortalecer la transparencia. El resultado: mayor tranquilidad para el Comit\u00e9 de Administraci\u00f3n y para toda la comunidad.<\/p>\n\n\n\n<p class=\"has-medium-font-size\" style=\"margin-top:var(--wp--preset--spacing--40);margin-bottom:var(--wp--preset--spacing--40)\">La experiencia y trayectoria son factores clave al momento de elegir una empresa especializada en auditor\u00eda para condominios. Una auditor\u00eda bien ejecutada no se limita a detectar problemas : alinea al comit\u00e9 con la administraci\u00f3n, propone soluciones concretas y establece mejoras sostenibles en el tiempo.<\/p>\n\n\n\n<p class=\"has-medium-font-size\" style=\"margin-top:var(--wp--preset--spacing--40);margin-bottom:var(--wp--preset--spacing--40)\"><strong>WORKGROUPS, expertos en auditor\u00eda para administraci\u00f3n de condominios<\/strong><\/p>\n\n\n\n<p class=\"has-medium-font-size\" style=\"margin-top:var(--wp--preset--spacing--40);margin-bottom:var(--wp--preset--spacing--40)\">Trabajamos con un enfoque profesional y una atenci\u00f3n personalizada, adapt\u00e1ndonos a las necesidades espec\u00edficas de cada comunidad.<\/p>\n\n\n\n<p class=\"has-medium-font-size\" style=\"margin-top:var(--wp--preset--spacing--40);margin-bottom:var(--wp--preset--spacing--40)\"><strong>Experiencia que marca la diferencia<\/strong><\/p>\n\n\n\n<p class=\"has-medium-font-size\" style=\"margin-top:var(--wp--preset--spacing--40);margin-bottom:var(--wp--preset--spacing--40)\">Te invitamos a conocernos y descubrir c\u00f3mo podemos ayudarte a resolver los desaf\u00edos de tu condominio o edificio.<\/p>\n\n\n\n<p class=\"has-medium-font-size\" style=\"margin-top:var(--wp--preset--spacing--40);margin-bottom:var(--wp--preset--spacing--40)\"><strong>Agenda una reuni\u00f3n inicial sin costo. Cont\u00e1ctanos.<\/strong><\/p>\n\n\n\n<div class=\"wp-block-buttons is-layout-flex wp-block-buttons-is-layout-flex\">\n<div class=\"wp-block-button is-style-fill\"><a class=\"wp-block-button__link has-palette-color-4-background-color has-background wp-element-button\" href=\"https:\/\/workgroups.cl\/index.php\/contacto\/\" style=\"border-top-left-radius:49px;border-top-right-radius:49px;border-bottom-left-radius:49px;border-bottom-right-radius:49px\"><strong>CONTACTO<\/strong><\/a><\/div>\n<\/div>\n\n\n\n<p><\/p>\n","protected":false},"excerpt":{"rendered":"<p>\u00bfTu condominio recibe una gesti\u00f3n eficiente y transparente? Si la administraci\u00f3n de tu condominio no est\u00e1 entregando un servicio eficiente, o la informaci\u00f3n que recibes como miembro del Comit\u00e9 de Administraci\u00f3n no es clara, oportuna y confiable, es momento de tomar acci\u00f3n. Un Servicio de Auditor\u00eda en gesti\u00f3n Operativa, Financiera, Tributaria y de Recursos Humanos [&hellip;]<\/p>\n","protected":false},"author":2,"featured_media":0,"parent":0,"menu_order":1,"comment_status":"closed","ping_status":"closed","template":"","meta":{"footnotes":""},"class_list":["post-1215","page","type-page","status-publish","hentry"],"blocksy_meta":[],"_links":{"self":[{"href":"https:\/\/workgroups.cl\/index.php\/wp-json\/wp\/v2\/pages\/1215","targetHints":{"allow":["GET"]}}],"collection":[{"href":"https:\/\/workgroups.cl\/index.php\/wp-json\/wp\/v2\/pages"}],"about":[{"href":"https:\/\/workgroups.cl\/index.php\/wp-json\/wp\/v2\/types\/page"}],"author":[{"embeddable":true,"href":"https:\/\/workgroups.cl\/index.php\/wp-json\/wp\/v2\/users\/2"}],"replies":[{"embeddable":true,"href":"https:\/\/workgroups.cl\/index.php\/wp-json\/wp\/v2\/comments?post=1215"}],"version-history":[{"count":118,"href":"https:\/\/workgroups.cl\/index.php\/wp-json\/wp\/v2\/pages\/1215\/revisions"}],"predecessor-version":[{"id":1792,"href":"https:\/\/workgroups.cl\/index.php\/wp-json\/wp\/v2\/pages\/1215\/revisions\/1792"}],"wp:attachment":[{"href":"https:\/\/workgroups.cl\/index.php\/wp-json\/wp\/v2\/media?parent=1215"}],"curies":[{"name":"wp","href":"https:\/\/api.w.org\/{rel}","templated":true}]}}